-10 - (2 - 2))
-17
What is -73 + -15 + 28 - -54?
-6
What is the value of 13 - (-71 - -2 - (-99 + 81))?
64
-3 + 2 + (2 + 13 + -2 - (1961 - 1953))
4
Calculate (109 + -2 - 97) + (0 - -2) + 2.
14
Calculate -3 - 14 - 2 - (9 - (2 - -2)).
-24
What is -6 + (1 - -2) - (-22 - (12 - 36))?
-5
What is -38 - 2 - (-43 + 32 - -30)?
-59
(-44 - -20 - -55) + (-11 - 4) - (-7 - -1)
22
What is (-79 - (-24 + 85 - 241)) + (-1 - 15)?
85
What is the value of (94 - 46) + -60 - -29?
17
Evaluate (2 - -51) + (-3 - -8) - (2 - -4 - 0).
52
Calculate (0 - -8 - -17) + 91 + -72.
44
Calculate 9 + 4 + -48 + 10 + 2 + -1.
-24
0 + 9 + -48 - (-5 + -3 - -4)
-35
Calculate (42 - 168) + 39 + 104.
17
Calculate -33 - ((8 - (-11 - 7)) + -106).
47
Calculate 26 + -17 + -21 + 10 - 19.
-21
Calculate (-9 - (-6 + -9)) + -6 - (0 + 1 - 49).
48
Evaluate (-8 - -8) + (-4 + -1 - (12 - -14)).
-31
Evaluate (-115 - (11 - -6)) + (28 + -39 - -15).
-128
Evaluate 2 - 53 - (125 - (118 - -8)).
-50
Calculate (-17 - 16) + 32 + -7 + 49 + -6.
35
35 + 1 + 2222 + -2213 + -20
25
What is the value of -8 - (-36 + -2 - (102 + -135))?
-3
What is the value of 25 - -1 - ((17 - -2) + -4 + (-15 - 0))?
26
Evaluate (23 - 29) + 1 - (-1 - (3 + -6)).
-7
Calculate -4 - (0 + -8 + 6) - 0 - (-11 - 4).
13
Calculate -21 + 35 - -41 - 19 - 13.
23
What is the value of 30 + -12 + -46 + 32 + -48?
-44
Calculate -73 - (41 - 9 - 30) - (1 - 16).
-60
38 + (9 - -5) - 61
-9
Calculate -3 - (85 - 72 - (6 + -7 + (1 - -1))).
-15
What is the value of -86 + -1 - (-9268 - -9101)?
80
Evaluate (13 - (17 - 13) - -3) + 56 + 3.
71
Evaluate 33 + ((6 - (0 + 0)) + -94 + 95 - 4).
36
Calculate 93 + 21 + -32 + -34.
48
67 - (21 + -4 + -1 + (8 - (-6 + 20)))
57
Calculate 10 - ((2 - -9) + (3 - (3 - -11)) + -46).
56
Evaluate -7 - 82 - (3 + -1 - (91 + -85)).
-85
What is (-1 + 6 - 28) + (70 - -11 - 2)?
56
Evaluate -36 + -39 + 48 + 42 + 49.
64
Evaluate -2150 + 2081 + 133 + -2.
62
-43 - -45 - (-9 + -7 + 27)
-9
What is -30 + 33 + -80 - -51?
-26
What is the value of 73 + -14 - -6 - (-40 + 14 - -14)?
77
Evaluate -2 - (21 - (-19 - -34) - 26).
18
What is 1 + -25 + -191 + 176 - 33?
-72
What is the value of 98 + -72 + (-28 - -9)?
7
What is 19 - ((-239 - -260) + (1 - -50))?
-53
What is 151 - (104 + 26 + 115)?
-94
What is the value of 31 - (17 - (9 - 9 - -7) - 1)?
22
What is (60 - (38 - -32) - (-1 + 0)) + (-50 - 2)?
-61
-48 - (34 + -71 + -44)
33
-57 + 6 + (-40 - -76)
-15
40 + (16 - (-28 - -52)) + 4 + 9
45
Evaluate 8 + (34 - -18) + -43 - (19 - -3).
-5
Evaluate -1 - 27 - (-1493 - -1470).
-5
What is the value of -6 + 4 + (-2 - -16) + 46?
58
What is the value of -30 + (-45 - -90) + -1 + -1 + -43?
-30
What is the value of 2 - 12 - (11 + -16 + 32 - 50)?
13
What is 47 - (19 - -81) - -102?
49
What is the value of 18 + (25 - 25) + -5?
13
What is (44 - 35) + 50 - 44?
15
What is the value of -43 - (10 - -20 - 56)?
-17
Evaluate (0 + -9 + 18 - -2) + 0 - (65 + 5).
-59
Evaluate 50 - (18 + 9 + -32 + 13).
42
What is the value of (43 - (31 - 38 - -17)) + 10?
43
Calculate 0 + 0 - 13 - (129 + 196 + -315).
-23
What is 65 + 46 + -18 + -10?
83
-61 - ((9 - 5) + 15 + -55)
-25
What is the value of (-3 - 5) + (58 - 22)?
28
Evaluate 1244 + -1199 + (-3 - 2).
40
Evaluate (-3 - (6 + -9)) + 13 + -11 + 12.
14
What is -30 + (39 - (-47 + 3 - 37))?
90
Evaluate 22 + (-49 - -10) - (19 + 0).
-36
What is 1 + -90 + (-2550 - -2710)?
71
Calculate 2 + 34 + (-8 - 9 - -6) + -2.
23
10 + (19 - (2 + (28 - 15)))
14
Calculate -31 - -27 - 10 - -37 - (-3 + -2).
28
(-13 - -32) + -10 + 0 + 4
13
(-7 - (3 - 18)) + -25 + 23 + 1
7
Calculate 2 + 0 + (-19 - -58) - 115.
-74
Calculate (-46 - 7 - -115) + -30.
32
Calculate (-497 - -443) + 33 - (-2 + 0 + 1).
-20
Calculate -32 - (42 - 47 - ((71 - 62) + (-12 - -1))).
-29
Calculate (-55 - -37) + -94 + 24 + -23.
-111
What is the value of 23 - (86 - 66) - 41?
-38
Calculate (2 - ((0 - -8) + -14)) + -12 + 1 + 10.
7
Calculate 168 + (-166 - -1) - (-4 + 1).
6
Evaluate -14 + (-3 + 0 - (-5 + 2 - -23)).
-37
What is the value of -2 - 6 - (-4 + 15 - (-20 - (24 - 52)))?
-11
What is -81 + 39 + 28 + ((0 - 38) + -1 - 2)?
-55
What is the value of -359 - (137 + -489) - (-58 + (1 - 3))?
53
8 + -2 - (4 - -8 - 7) - -14
15
Calculate -82 + (-107 - -83) + 92.
-14
Calculate -51 - (-29 + 17 + 7 + 8).
-54
Evaluate 59 + (-30 - -8) + -69.
-32
What is the value of 10 + 25 + (-11 + 0 - -2 - 0 - -3)?
29
29 - (1 + (-4 - 0) - (95 + -93))
34
What is -3 - 52 - -3 - (5 + -9) - (-68 - -75)?
-55
Calculate (-2 - 23) + -4502 + 4423.
-104
What is the value of 45 - (4 + -1) - (-517 + 509) - -9?
59
What is the value of 4 - (1 - 2) - (-104 + 81 + 39)?
-11
(12 - (-22 + 18 - 14)) + (2 + -8 - 5)
19
What is (5 - 0) + 72 + -72 + -58 + (-4 - -4)?
-53
-57 - (-57 + (-32 - -32 - -26))
-26
What is the value of -11 - -65 - (-25 - (-37 + 25) - -2)?
65
-111 + (221 - 216 - (-1 - -17)) - (-19 - -9)
-112
What is the value of -52 + (24 - (-24 - 64))?
60
What is the value of -23 + (2 - -3 - 26) + 26?
-18
Calculate 0 + 73 - (3 - 31 - -33).
68
24 + -64 - 56 - -99
3
Evaluate -48 - (28 - (46 - (20 - 165))).
115
What is the value of (-116 - -108) + -2 + (9 + -5 - 7)?
-13
What is the value of 1 + -1 - (-11 - 1) - (554 + -641)?
99
80 + (-33 - (27 + -32))
52
(-54 - -46) + 33 - -5
30
What is -2 - (33 + 6) - -23?
-18
(71 - (-25 - -100)) + 43 + 0 + 2
41
Calculate -16 - (-55 + (-11 - -59)).
-9
Calculate (-73 - 7) + 1 - (26 - (31 - 5)).
-79
-2 - -10 - (5 + (4 - -13 - 15)) - 10
-9
What is 3 + (-6 - 21) + -70 + 45?
-49
(-9 - (7 + -17 - -16)) + 10 + (-8 - 58)
-71
What is the value of 149 + -216 - (8 + (-1 - -19))?
-93
Evaluate -13 - (247 + -237 + (-33 - -1)).
9
What is the value of (-38 - 6) + (160 - 42)?
74
-1 + 20 - ((360 - 245) + -114)
18
What is the value of (6 - ((1 - -14 - 9) + -7)) + (43 - -1)?
51
-5 - (42 + 2) - (218 - 365)
98
20 + 29 - -13 - (-4 + -8 + 6 + 14)
54
What is (-165 - -113) + -57 + 91?
-18
4 - (-20 + -10 + 39 + -4 + 1)
-2
Calculate (24 - -22 - -109) + -27 - 5.
123
Calculate (31 - -83) + -173 - -3.
-56
What is 3 + -41 + -62 - -20?
-80
68 + (92 - 26) + -83
51
Evaluate -92 + (-8 + (-16 - -24) - (12 + -27)).
-77
((-5 - (10 - 60)) + -11 - -9) + -3
40
Calculate -98 + 125 + -90 - -141.
78
What is (-107 - -104) + -23 + 5?
-21
-10 + (10 + -22 - -9 - (-44 + 7 + 0))
24
1 + -4 + (98 - 89 - (1 + -1 + 80))
-74
Evaluate (31 - (24 + 36)) + -2 - -129.
98
Evaluate (2 - -96) + (0 - 10) + (-15 - -19).
92
What is (-172 - 9) + 250 + 3 + -2 + -4?
66
Calculate (-90 - (38 + -50)) + 50.
-28
What is -28 - (27 + -21 + -22 - (-4 + 1))?
-15
Evaluate (6 - 30 - (15 + -6)) + (-12 - (-16 - 4)).
-25
Calculate (51 - (38 + (22 - 40) - 19)) + -3 + 17.
64
What is -18 + -10 + 10 - (-190 + 164)?
8
Calculate ((-19 - (-30 - -16)) + 25 - 2) + 92.
110
Evaluate -48 - (11 + -27) - -69.
37
Calculate -24 + 23 + -53 + -2.
-56
What is the value of -78 + 27 + -2 + (1 + 0 - 7) + 7?
-52
Calculate 41 + -29 - ((-10 - -24) + -25).
23
Evaluate -89 + 245 + -101 - (2 - -6).
47
Calculate 12 - ((4 - -7) + 9) - (8 + -67).
51
Calculate 97 + -94 + -9 + (-3 - -6 - 6).
-9
Calculate 2 + -3 + 15 - (-22 + 18) - -2.
20
What is the value of (4246 - 4262) + (-6 - 2)?
-24
(-48 - (26 + -20) - (-10 - -8)) + 1
-51
(-56 - -102) + 12 + -34
24
Calculate 6 - ((22 - (-1 - -17)) + 32 + (0 - 0)).
-32
-18 + 4 + -3 + 2 - (-1246 + 1143)
88
Calculate -116 - -1 - (-43 + 66 + (11 - 32)).
-117
What is the value of -12179 + 12259 - (-1 - -107)?
-26
What is the value of 18797 + -18658 + -156 + 0?
-17
Evaluate -3 + -7 - (-21 - (-21 - -12)).
2
What is the value of 10 + -1 - (1297 - 1258)?
-30
-26 + -9 + (-17 - -14)
-38
Calculate -69 + (-19 - 0) + (245 - 220).
-63
What is 8 + -88 + 4 + (-72 - -42 - -34)?
-72
Calculate (5 - -77 - -2) + -17 + (16 - (-13 - -7)).
89
What is the value of (0 - -3) + -3 + (10 - (11 + 16))?
-17
What is the value of (-105 - -49) + 110 - 53?
1
What is the value of 21 - (-2 - (-3 + 15)) - (-5 - (3 + -3))?
40
37 + (0 - 0) + (-14 - -1 - (-35 + 29))
30
What is -48 + (82 - (-46 + 42))?
38
106 + -46 + (-13 - -24) + 15
86
37 - ((18 - -15) + -26 - 85)
115
What is -5 + 51 - (40 + (21 - 68))?
53
What is 7 - (-8 + 11) - (26 + -1)?
-21
-15 + 9 + 14 + -1 - 35
-28
Evaluate (-1 - (2 + -1)) + (-1 - 15 - -48 - 90).
-60
What is -85 + 54 + -116 + 67 + 1 + 4?
-75
What is the value of 19 + (12 - 40) - ((-8 - 50) + (-1 - 2))?
52
-4 + -53 + (32 - -